 5*l + 2. Let v be q(z). Calculate the greatest common factor of v and 18.
2
Let k be (6 + -3 - 0) + 30. Let p = -13 + k. What is the highest common factor of 10 and p?
10
Let b be (-4)/4 - (1 + (-87)/3). Suppose -d = -y - 220, -2*d + y + 868 = 2*d. Calculate the greatest common divisor of d and b.
27
Let s(h) = -44*h + 1. Let o be s(-7). Suppose o + 57 = 2*r. Let i = -120 + r. Calculate the greatest common factor of i and 7.
7
Suppose -6*y - 3*y = -1080. What is the greatest common factor of y and 15?
15
Let z = -161 - -185. Let k(s) = 15*s - 9. Let n be k(7). What is the highest common factor of n and z?
24
Let j = -31 + 43. Suppose -3*h + 2 = -2*l, -2*l + j = 2*h - 6. Suppose -l*k + 43 = 3. What is the highest common divisor of k and 24?
8
Let b(w) = w**2 - 4*w + 1. Let y be b(-3). Suppose 83 = 4*x - 137. What is the greatest common divisor of y and x?
11
Let s be (30*2/4)/1. Calculate the highest common factor of s and 5.
5
Let c(k) = -15*k. Let y(p) = 3 - 3 + p. Let q(d) = -c(d) - 20*y(d). Let i be q(-2). What is the highest common divisor of 20 and i?
10
Suppose -8 = 2*c - 6*c. Suppose -5*g = d - 79, -23 = -g - 0*g - c*d. Suppose 6 + 4 = 2*k. What is the greatest common divisor of g and k?
5
Let m(x) = x**3 + 3*x**2 - 4*x - 8. Let n be m(-3). Calculate the highest common divisor of n and 12.
4
Let s(a) = -7*a. Let c be s(2). Let k = c - -26. Let v = -43 + 175. Calculate the highest common divisor of v and k.
12
Let d be (-6 - -20) + 1*-1. Let s(l) = 104*l. Let k be s(1). Calculate the greatest common factor of d and k.
13
Suppose 138 - 47 = 7*l. What is the greatest common factor of 143 and l?
13
Let m(k) = -k**3 + 5*k**2 + 9*k - 1. Let l be m(6). What is the highest common divisor of 153 and l?
17
Let t = -31 - -33. Suppose g + 85 = -4*o - 2*g, 0 = -2*g - 6. Let q = -3 - o. What is the greatest common divisor of t and q?
2
Let z = 57 + -37. Calculate the highest common divisor of 160 and z.
20
Let c(q) = -3*q + 1. Let h be c(2). Let a = h - -9. Suppose 4*i - 20 = -i. Calculate the highest common divisor of a and i.
4
Let r(z) = z**3 + 5*z**2 - 8*z + 2. Let s be r(-6). Let o = 0 + s. Calculate the highest common divisor of o and 112.
14
Let i(w) = w**2 - 9*w + 1. Let h be i(9). Let v be h + (0/(-1) - -7). Calculate the highest common factor of v and 56.
8
Let x(y) = -y - 4. Let r be x(-3). Let p = r - -18. Suppose -18 - 25 = -3*k + 4*i, 0 = -5*k + 4*i + 77. What is the highest common factor of p and k?
17
Let r(q) = q**3 - 12*q**2 + 13*q - 12. Let p be r(11). What is the highest common divisor of 10 and p?
10
Let v(o) = 3*o**2 + 13*o + 21. Let b be v(-9). Calculate the greatest common divisor of b and 21.
21
Let u be 0 + 6 + (4 - 6). Suppose u*a - 35 = 13. Calculate the greatest common divisor of a and 84.
12
Let x(a) = -a**3 - 6*a**2. Let o be x(-6). Suppose -v = 2*g - 17 - 18, -g + v + 25 = o. What is the greatest common factor of g and 50?
10
Suppose z - 15 = -4. Let o = 1 - -3. Suppose -3*y - o*f - 49 + 214 = 0, y - 55 = -5*f. What is the highest common divisor of z and y?
11
Suppose 4624 = 13*m + 4*m. What is the highest common factor of 16 and m?
16
Let w(t) = t**3 - 2*t**2 - 2*t - 10. Let u be w(5). Calculate the highest common divisor of u and 22.
11
Suppose 0 = x - 4*x - 4*k + 4, -5*k = -2*x - 5. Suppose x = z + 2*z - 60. Calculate the highest common divisor of 30 and z.
10
Suppose 47*y = 48*y - 1. Let g be 1/(1/11 + 0). Calculate the greatest common divisor of y and g.
1
Let g be 232/(-12) - (-2)/(-3). Let r be 0 + (-1 - 1) - g. Calculate the highest common factor of 12 and r.
6
Suppose -2 - 1 = -4*u + s, 0 = 2*u - 5*s + 21. Calculate the highest common divisor of u and 10.
2
Let r = 2 - -2. Suppose 193 = 3*i + r. Calculate the greatest common divisor of i and 7.
7
Let s = -48 + 92. What is the greatest common factor of 11 and s?
11
Let n = 13 - 11. Suppose 2*k + n*y = 46 - 12, -3*y + 12 = 0. What is the highest common factor of 39 and k?
13
Let g = -12 - -13. Let s be (-2)/(-8) + 9/12. What is the highest common divisor of s and g?
1
Let c be (-4)/(-10) - (-44)/(-10). Let z be (-6)/8 - 15/c. Calculate the greatest common divisor of 21 and z.
3
Let x be 1/4 - (-57)/12. What is the highest common factor of 20 and x?
5
Let k(i) = i - 7. Let u be k(7). Suppose -4*z = -4*b - b + 98, u = b + 3*z - 12. Let v = 8 + 4. Calculate the highest common divisor of b and v.
6
Suppose -j = -8*j + 140. Calculate the greatest common factor of j and 160.
20
Let s = 52 + -32. Suppose -4*f + 13 + s = -3*y, -2*f = 5*y - 49. Let t(p) = 29*p + 2. Let g be t(2). What is the highest common factor of g and f?
12
Suppose v - 32 - 5 = 0. Calculate the highest common divisor of 148 and v.
37
Suppose 4*l - 2*y - 102 = 3*l, 4*y = -2*l + 172. Let d = 335 - 164. Let c = d - l. Calculate the greatest common factor of 7 and c.
7
Let n(a) = a**2 - 6. Let u be n(5). Suppose 4*g - 78 - 302 = 0. What is the greatest common factor of u and g?
19
Let f be ((2 + -1)*22)/2. What is the greatest common divisor of 33 and f?
11
Let c be 1/3*(24 - 0). Calculate the greatest common factor of 8 and c.
8
Let o(s) = 2*s**2 + 4*s + 2. Let p = -9 - -7. Let y be o(p). What is the greatest common divisor of 2 and y?
2
Suppose -3*s + 4 + 14 = 0. Let f = -1 + s. Suppose -3*k - 2*k - f*v = -60, -2*k + 19 = v. Calculate the highest common factor of k and 77.
7
Suppose -g - 4*d + 6*d + 128 = 0, 0 = 3*d. What is the highest common divisor of g and 16?
16
Suppose -2*j = 2*t + 62, j - 2*t + 37 = -0*j. Let v = j - -61. Calculate the highest common divisor of 140 and v.
28
Suppose 3*m = 4*m - 8. Suppose 2*p = -5*i + 39, p + 3*p - 148 = 4*i. What is the greatest common divisor of m and p?
8
Let n = -267 - -491. What is the greatest common divisor of 28 and n?
28
Let a = -4 - -3. Let t(b) = -2*b**2 - 1. Let u be t(a). Let w be 3 + u/(6/4). What is the greatest common factor of w and 11?
1
Let d(t) = t**2 - 20*t + 37. Let k be d(18). What is the greatest common factor of k and 12?
1
Let k(w) be the third derivative of 1/20*w**5 + 1/6*w**4 + 0 + 0*w - 3*w**2 + 2/3*w**3. Let i be k(-3). Calculate the highest common divisor of 209 and i.
19
Suppose -35 = -2*w + 2*i + 19, -4*w + 3*i = -108. What is the highest common factor of 9 and w?
9
Let t(x) = x**2 - 7*x - 1. Let w be t(8). What is the highest common factor of w and 28?
7
Let u(s) = -s**2 + 9*s - 4. Let m be u(4). What is the greatest common factor of 48 and m?
16
Let s(a) = a - 9. Let u be s(14). What is the highest common factor of 30 and u?
5
Suppose 3*p - 74 - 16 = 0. Suppose -36 = -7*g + 4*g. Calculate the greatest common divisor of g and p.
6
Suppose -18 = -2*z + 2*b, -3*z + 4*b + 1 = -27. What is the greatest common divisor of z and 16?
8
Let g be 4/12 - 10/(-6). Suppose -212 = -2*l - g*v, 4*l + v = -l + 526. Let f = 44 - 29. Calculate the highest common factor of l and f.
15
Let y(j) = 4*j**2 + j + 5. Let c = -8 - -4. Let z be y(c). Let i be 89/7 - 10/(-35). What is the highest common factor of i and z?
13
Let n(s) = 2*s**3 - s**2 + 4*s - 2. Let p be n(3). What is the greatest common factor of p and 11?
11
Let j(o) = -2*o + 15. Let s be j(0). Calculate the greatest common divisor of s and 135.
15
Let m = 21 - 16. Calculate the greatest common factor of m and 5.
5
Suppose 5*r + 10 = 0, d - 4*r + 1 = 21. Calculate the greatest common factor of d and 66.
6
Let i(j) = -3*j**3 + 0*j**3 - 8*j**2 + 2*j**3. Let p be i(-9). Let u = -18 + 27. Calculate the highest common divisor of p and u.
9
Suppose -x = -5*x + r + 237, 2*x = -r + 123. Calculate the highest common divisor of 40 and x.
20
Let k be 2481/12 - 1/(-4). Calculate the greatest common factor of 23 and k.
23
Suppose -n - 2*n = 0. Let z(q) = n - 3 + q**2 + 0 - 3*q. Let p be z(5). What is the highest common divisor of 28 and p?
7
Let s(t) = 29*t + 2. Let i be s(5). Suppose 3*o - i = w, 3*w - 192 = -3*o - 45. Calculate the greatest common factor of o and 7.
7
Let u = 11 - 12. Let p = 11 - u. Calculate the highest common factor of 6 and p.
6
Suppose -4*b + 4*c + 36 = 0, -5*c + 0*c = 2*b + 3. Suppose i - 2*k + 6*k = 17, -5*k = -4*i + 26. Calculate the greatest common divisor of b and i.
3
Let d = -5 - -10. Suppose 2*w - 10 = -3*y + w, -w = d. Let t be (-6)/(-10) - (-147)/y. Calculate the